{"id":87,"date":"2024-11-07T15:20:25","date_gmt":"2024-11-07T15:20:25","guid":{"rendered":"https:\/\/trabajosaludable.com\/?page_id=87"},"modified":"2025-01-17T00:03:39","modified_gmt":"2025-01-17T00:03:39","slug":"quienes-somos","status":"publish","type":"page","link":"https:\/\/trabajosaludable.com\/index.php\/quienes-somos\/","title":{"rendered":"Quienes somos"},"content":{"rendered":"\n<p><strong>Trabajo Saludable<\/strong>&nbsp;es una iniciativa profesional que inspira a organizaciones comunales y laborales a promover activamente buenas pr\u00e1cticas de salud entre las personas trabajadoras. Resalta los beneficios integrales \u2014personales, laborales y comunitarios\u2014 mediante estrategias de sensibilizaci\u00f3n y autoan\u00e1lisis, construyendo soluciones realistas y personalizadas que fomentan un bienestar sostenible.<\/p>\n\n\n\n<p>Nuestra experiencia en intervenciones cl\u00ednicas y laborales evidencia que la salud organizacional es fundamental y merece atenci\u00f3n desde un enfoque preventivo. La metodolog\u00eda de&nbsp;<strong>Trabajo Saludable<\/strong>&nbsp;combina el an\u00e1lisis de buenas pr\u00e1cticas organizacionales con un enfoque humanista e interdisciplinario, desarrollando actividades innovadoras dentro del \u00e1mbito de la innovaci\u00f3n social.<\/p>\n\n\n<div class=\"wp-block-image\">\n<figure class=\"aligncenter size-large is-resized\"><img loading=\"lazy\" decoding=\"async\" width=\"1024\" height=\"724\" src=\"https:\/\/trabajosaludable.com\/wp-content\/uploads\/2025\/01\/Diseno-sin-titulo-4-1024x724.png\" alt=\"\" class=\"wp-image-305\" style=\"width:823px;height:auto\" srcset=\"https:\/\/trabajosaludable.com\/wp-content\/uploads\/2025\/01\/Diseno-sin-titulo-4-1024x724.png 1024w, https:\/\/trabajosaludable.com\/wp-content\/uploads\/2025\/01\/Diseno-sin-titulo-4-300x212.png 300w, https:\/\/trabajosaludable.com\/wp-content\/uploads\/2025\/01\/Diseno-sin-titulo-4-768x543.png 768w, https:\/\/trabajosaludable.com\/wp-content\/uploads\/2025\/01\/Diseno-sin-titulo-4-1536x1086.png 1536w, https:\/\/trabajosaludable.com\/wp-content\/uploads\/2025\/01\/Diseno-sin-titulo-4-2048x1448.png 2048w, https:\/\/trabajosaludable.com\/wp-content\/uploads\/2025\/01\/Diseno-sin-titulo-4-850x601.png 850w\" sizes=\"auto, (max-width: 1024px) 100vw, 1024px\" \/><\/figure>\n<\/div>\n\n\n<h3 class=\"wp-block-heading\"><strong>Liderazgo de Graciela Sibaja Ag\u00fcero<\/strong><\/h3>\n\n\n\n<p>La direcci\u00f3n de esta iniciativa est\u00e1 en manos de&nbsp;<strong>Graciela Sibaja Ag\u00fcero<\/strong>, una profesional apasionada por integrar la psicolog\u00eda y la organizaci\u00f3n laboral lo que implica crear un puente entre el bienestar integral de las personas y el entorno laboral para acompa\u00f1ar tanto a personas trabajadoras como a empresas en la consecuci\u00f3n de objetivos compartidos.<\/p>\n\n\n\n<p>Graciela cree firmemente en el poder transformador de los modelos humanistas, reconoci\u00e9ndolos como herramientas ideales para acompa\u00f1ar a las personas en sus procesos de cambio. Su compromiso radica en crear entornos emp\u00e1ticos donde la autenticidad sea valorada y los procesos respetados, promoviendo confianza y autonom\u00eda para lograr los cambios deseados por individuos y organizaciones. <\/p>\n\n\n\n<p>En el \u00e1rea cl\u00ednica su enfoque te\u00f3rico est\u00e1 relacionado con las teor\u00edas del apego, espec\u00edficamente la Terapia Focalizada en las Emociones. que sirve para identificar, comprender y transformar las emociones para resolver problemas y mejorar el bienestar, basado en que las  emociones son una gu\u00eda clave para entender nuestras experiencias y tomar decisiones.<\/p>\n\n\n\n<p><strong>Formaci\u00f3n profesional:<\/strong><\/p>\n\n\n\n<ul class=\"wp-block-list\">\n<li>M\u00e1ster en Psicolog\u00eda Cl\u00ednica (MSc)<\/li>\n\n\n\n<li>M\u00e1ster en Psicolog\u00eda del Trabajo y las Organizaciones (MPsic)<\/li>\n\n\n\n<li>M\u00e1ster en Administraci\u00f3n de Empresas con \u00c9nfasis en Direcci\u00f3n de Recursos Humanos (MBA)<\/li>\n\n\n\n<li>Coach Certificada<\/li>\n\n\n\n<li>Mediadora-Conciliadora Certificada<\/li>\n<\/ul>\n\n\n\n<h3 class=\"wp-block-heading\"><strong>Nuestro equipo interdisciplinario<\/strong><\/h3>\n\n\n\n<p>En&nbsp;<em>Trabajo Saludable<\/em>, creemos que el bienestar integral requiere una mirada multidimensional. Por eso, nuestros profesionales asociados trabajan en equipos articulados seg\u00fan su experiencia y formaci\u00f3n, creando soluciones personalizadas y enriquecedoras para cada programa.<\/p>\n\n\n\n<p>Contamos con especialistas en diversas \u00e1reas que aportan su expertiz para acompa\u00f1ar a personas y organizaciones en su transformaci\u00f3n:<\/p>\n\n\n\n<ul class=\"wp-block-list\">\n<li><strong>Psicolog\u00eda<\/strong>: Desde enfoques como la Terapia Focalizada en las Emociones (TFE) y EMDR, trabajamos para abordar el bienestar emocional y mental.<\/li>\n\n\n\n<li><strong>Artes Pl\u00e1sticas, Actuaci\u00f3n y Arteterapia<\/strong>: Facilitamos la expresi\u00f3n creativa como herramienta terap\u00e9utica y de desarrollo personal.<\/li>\n\n\n\n<li><strong>Danzamovimiento Terapia<\/strong>: Promovemos la conexi\u00f3n cuerpo-mente a trav\u00e9s del movimiento consciente.<\/li>\n\n\n\n<li><strong>Educaci\u00f3n F\u00edsica y Medicina<\/strong>: Fomentamos la salud f\u00edsica como base para el bienestar integral.<\/li>\n<\/ul>\n\n\n\n<p>Esta colaboraci\u00f3n interdisciplinaria nos permite ofrecer experiencias transformadoras, donde cada intervenci\u00f3n est\u00e1 dise\u00f1ada para potenciar el c\u00edrculo virtuoso del bienestar y adaptarse a las necesidades \u00fanicas de quienes conf\u00edan en nosotros.<\/p>\n\n\n\n<p><\/p>\n\n\n\n<p class=\"has-text-align-center\"><em>Las personas SALUDABLES son m\u00e1s FELICES y m\u00e1s PRODUCTIVAS<\/em><\/p>\n\n\n\n<p><\/p>\n","protected":false},"excerpt":{"rendered":"<p>Trabajo Saludable&nbsp;es una iniciativa profesional que inspira a organizaciones comunales y laborales a promover activamente buenas pr\u00e1cticas de salud entre las personas trabajadoras. Resalta los beneficios integrales \u2014personales, laborales y comunitarios\u2014 mediante estrategias de sensibilizaci\u00f3n y autoan\u00e1lisis, construyendo soluciones realistas y personalizadas que fomentan un bienestar sostenible. Nuestra experiencia en intervenciones cl\u00ednicas y laborales evidencia&#8230;<\/p>\n","protected":false},"author":1,"featured_media":0,"parent":0,"menu_order":0,"comment_status":"closed","ping_status":"closed","template":"","meta":{"footnotes":""},"class_list":["post-87","page","type-page","status-publish","hentry"],"_links":{"self":[{"href":"https:\/\/trabajosaludable.com\/index.php\/wp-json\/wp\/v2\/pages\/87","targetHints":{"allow":["GET"]}}],"collection":[{"href":"https:\/\/trabajosaludable.com\/index.php\/wp-json\/wp\/v2\/pages"}],"about":[{"href":"https:\/\/trabajosaludable.com\/index.php\/wp-json\/wp\/v2\/types\/page"}],"author":[{"embeddable":true,"href":"https:\/\/trabajosaludable.com\/index.php\/wp-json\/wp\/v2\/users\/1"}],"replies":[{"embeddable":true,"href":"https:\/\/trabajosaludable.com\/index.php\/wp-json\/wp\/v2\/comments?post=87"}],"version-history":[{"count":12,"href":"https:\/\/trabajosaludable.com\/index.php\/wp-json\/wp\/v2\/pages\/87\/revisions"}],"predecessor-version":[{"id":306,"href":"https:\/\/trabajosaludable.com\/index.php\/wp-json\/wp\/v2\/pages\/87\/revisions\/306"}],"wp:attachment":[{"href":"https:\/\/trabajosaludable.com\/index.php\/wp-json\/wp\/v2\/media?parent=87"}],"curies":[{"name":"wp","href":"https:\/\/api.w.org\/{rel}","templated":true}]}}

<p><strong>Trabajo Saludable</strong>&nbsp;es una iniciativa profesional que inspira a organizaciones comunales y laborales a promover activamente buenas prácticas de salud entre las personas trabajadoras. Resalta los beneficios integrales —personales, laborales y comunitarios— mediante estrategias de sensibilización y autoanálisis, construyendo soluciones realistas y personalizadas que fomentan un bienestar sostenible.</p>



<p>Nuestra experiencia en intervenciones clínicas y laborales evidencia que la salud organizacional es fundamental y merece atención desde un enfoque preventivo. La metodología de&nbsp;<strong>Trabajo Saludable</strong>&nbsp;combina el análisis de buenas prácticas organizacionales con un enfoque humanista e interdisciplinario, desarrollando actividades innovadoras dentro del ámbito de la innovación social.</p>


<div class="wp-block-image">
<figure class="aligncenter size-large is-resized"><img loading="lazy" decoding="async" width="1024" height="724" src="https://trabajosaludable.com/wp-content/uploads/2025/01/Diseno-sin-titulo-4-1024x724.png" alt="" class="wp-image-305" style="width:823px;height:auto" srcset="https://trabajosaludable.com/wp-content/uploads/2025/01/Diseno-sin-titulo-4-1024x724.png 1024w, https://trabajosaludable.com/wp-content/uploads/2025/01/Diseno-sin-titulo-4-300x212.png 300w, https://trabajosaludable.com/wp-content/uploads/2025/01/Diseno-sin-titulo-4-768x543.png 768w, https://trabajosaludable.com/wp-content/uploads/2025/01/Diseno-sin-titulo-4-1536x1086.png 1536w, https://trabajosaludable.com/wp-content/uploads/2025/01/Diseno-sin-titulo-4-2048x1448.png 2048w, https://trabajosaludable.com/wp-content/uploads/2025/01/Diseno-sin-titulo-4-850x601.png 850w" sizes="auto, (max-width: 1024px) 100vw, 1024px" /></figure>
</div>


<h3 class="wp-block-heading"><strong>Liderazgo de Graciela Sibaja Agüero</strong></h3>



<p>La dirección de esta iniciativa está en manos de&nbsp;<strong>Graciela Sibaja Agüero</strong>, una profesional apasionada por integrar la psicología y la organización laboral lo que implica crear un puente entre el bienestar integral de las personas y el entorno laboral para acompañar tanto a personas trabajadoras como a empresas en la consecución de objetivos compartidos.</p>



<p>Graciela cree firmemente en el poder transformador de los modelos humanistas, reconociéndolos como herramientas ideales para acompañar a las personas en sus procesos de cambio. Su compromiso radica en crear entornos empáticos donde la autenticidad sea valorada y los procesos respetados, promoviendo confianza y autonomía para lograr los cambios deseados por individuos y organizaciones. </p>



<p>En el área clínica su enfoque teórico está relacionado con las teorías del apego, específicamente la Terapia Focalizada en las Emociones. que sirve para identificar, comprender y transformar las emociones para resolver problemas y mejorar el bienestar, basado en que las  emociones son una guía clave para entender nuestras experiencias y tomar decisiones.</p>



<p><strong>Formación profesional:</strong></p>



<ul class="wp-block-list">
<li>Máster en Psicología Clínica (MSc)</li>



<li>Máster en Psicología del Trabajo y las Organizaciones (MPsic)</li>



<li>Máster en Administración de Empresas con Énfasis en Dirección de Recursos Humanos (MBA)</li>



<li>Coach Certificada</li>



<li>Mediadora-Conciliadora Certificada</li>
</ul>



<h3 class="wp-block-heading"><strong>Nuestro equipo interdisciplinario</strong></h3>



<p>En&nbsp;<em>Trabajo Saludable</em>, creemos que el bienestar integral requiere una mirada multidimensional. Por eso, nuestros profesionales asociados trabajan en equipos articulados según su experiencia y formación, creando soluciones personalizadas y enriquecedoras para cada programa.</p>



<p>Contamos con especialistas en diversas áreas que aportan su expertiz para acompañar a personas y organizaciones en su transformación:</p>



<ul class="wp-block-list">
<li><strong>Psicología</strong>: Desde enfoques como la Terapia Focalizada en las Emociones (TFE) y EMDR, trabajamos para abordar el bienestar emocional y mental.</li>



<li><strong>Artes Plásticas, Actuación y Arteterapia</strong>: Facilitamos la expresión creativa como herramienta terapéutica y de desarrollo personal.</li>



<li><strong>Danzamovimiento Terapia</strong>: Promovemos la conexión cuerpo-mente a través del movimiento consciente.</li>



<li><strong>Educación Física y Medicina</strong>: Fomentamos la salud física como base para el bienestar integral.</li>
</ul>



<p>Esta colaboración interdisciplinaria nos permite ofrecer experiencias transformadoras, donde cada intervención está diseñada para potenciar el círculo virtuoso del bienestar y adaptarse a las necesidades únicas de quienes confían en nosotros.</p>



<p></p>



<p class="has-text-align-center"><em>Las personas SALUDABLES son más FELICES y más PRODUCTIVAS</em></p>



<p></p>

<p>Trabajo Saludable&nbsp;es una iniciativa profesional que inspira a organizaciones comunales y laborales a promover activamente buenas prácticas de salud entre las personas trabajadoras. Resalta los beneficios integrales —personales, laborales y comunitarios— mediante estrategias de sensibilización y autoanálisis, construyendo soluciones realistas y personalizadas que fomentan un bienestar sostenible. Nuestra experiencia en intervenciones clínicas y laborales evidencia&#8230;</p>
